(15 + k)/(4/(-39682)) a prime number?
True
Let t be (3 - 4)/((-2)/(-2)). Is 4/4*(3 + 6945 + t) a composite number?
False
Let d(r) = 152*r**2 - 7*r - 12. Let h be d(-13). Suppose 0 = -3*a + 12*a - h. Is a a composite number?
True
Let q = -151 - -159. Suppose -q*f + 2983 = -8673. Is f prime?
False
Suppose 5*q - 5*w = 55, 2*w = -w + 3. Is (-9)/q*562804/(-33) composite?
False
Suppose -13*l + 38*l = 200. Suppose l*t = 3*t + 19105. Is t a prime number?
True
Let w(l) = -75947*l + 3637. Is w(-6) a composite number?
True
Suppose -903*o - 197233 = -904*o. Is o composite?
False
Let o(m) = -m**3 - 8*m + 10. Suppose -3*g - 6*g + 18 = 0. Suppose -4*i - 31 = 3*d, 2*d - 8 = g*i + 4. Is o(i) a prime number?
True
Suppose -9*p + 4*p + 905 = 0. Let i = 117 + p. Is i a prime number?
False
Is 852937*((-24)/(-9) + -2 + 86/258) prime?
True
Suppose 5*y = 4*d - 0*d + 165, -2*d = -5*y + 155. Let w be (12/21)/((-4)/(-42)) - -2439. Suppose -26*j + y*j = w. Is j prime?
False
Suppose -1053*r + 911*r + 81512402 = 0. Is r composite?
False
Let h be (-1*(-137660)/(-6))/((-24)/216). Is (h/(-90))/((-1)/3) composite?
False
Let h(d) = 15*d**3 - 15*d**2 + 118*d + 19. Is h(9) prime?
False
Suppose -84*f + 515349 = -14502170 + 1874123. Is f a prime number?
False
Suppose 4*j - 52278 = -2*k, -2*k = j - 9811 - 3260. Let i = -2166 + j. Is i prime?
True
Suppose -2929 = -2*t + 5*n, 40*t - 2974 = 38*t - 4*n. Is t prime?
False
Let z = 4895 - 4860. Suppose 2*o + 734 - 2940 = 0. Let m = z + o. Is m prime?
False
Let b(h) = -2496 + 2*h**2 + 2497 + 15*h**2 - 5*h. Let j(s) = s + 2. Let z be j(-7). Is b(z) prime?
False
Let r(d) = -2*d - 8. Let a be r(-6). Suppose 5*b - 4832 = 2*b + 2*m, a*b - 6441 = m. Let g = 4743 + b. Is g a prime number?
True
Let u(n) = -198*n**3 - 10*n**2 - 7*n + 7. Let m be u(-6). Let f = -27848 + m. Is f a prime number?
False
Suppose 0 = -188*y + 18641244 - 6191320. Is y a prime number?
False
Suppose -5*b + 1395 + 1065 = 0. Let v = b - -535. Is v composite?
True
Let b(c) = -c**3 + 15*c**2 + 36*c - 32. Let t be b(17). Is ((-8)/20)/t + (-2246)/(-5) prime?
True
Suppose 5 = 2*b - 3, 2*n + 2416 = -4*b. Is 6 + -1 + -2 - n composite?
True
Let g = -3927 + 21754. Is g composite?
False
Let g(v) = 4108*v + 123. Let c be g(6). Suppose -2*m + 2*i - 3923 = -12181, -c = -6*m + 5*i. Is m a prime number?
False
Let k(z) = -2*z**3 + 11*z - 2*z**2 + 2 + 2*z**3 + 3 + z**3. Let g be k(-7). Let a = g + 1622. Is a prime?
True
Let h = -3667 + 1830. Let r = 3810 + h. Is r prime?
True
Let z(y) = -21*y**3 - 6*y**2 + 2*y + 4. Let u be 5/20 + 97/(-4). Let b = -27 - u. Is z(b) a prime number?
False
Let u(l) = -4*l**2 - 24*l - 46. Let d(g) = -g**2 - 8*g - 15. Let f(x) = 10*d(x) - 3*u(x). Let n be f(5). Is (-3)/((1/82)/(1/n)) a prime number?
False
Let p = 26 - -23. Suppose -47*h - 4138 = -p*h. Suppose 2066 = 4*v + v - 3*g, -h = -5*v + 2*g. Is v prime?
False
Let k = 84 + -69. Let g be 2310 - -1 - (-2)/(10/k). Suppose -g - 9651 = -5*m. Is m prime?
True
Let k be (-6 - -8) + -4 + 70*43. Let w = k + 10025. Is w prime?
True
Suppose 0 = j - 4*c - 8, -j + c + 5 = -0. Suppose 0 = -j*t - 4*d + 1960, -t - 1961 = -5*t - 3*d. Is t composite?
False
Suppose -15*k = -72786 + 98347 - 963766. Is k a composite number?
True
Let t = 13058 - 5893. Is t a composite number?
True
Suppose 11 = 12*m - 1. Let y be (-6 + 165)*25*m. Suppose -2*j - r + y = 0, 0 = 3*j + r - 0*r - 5960. Is j a composite number?
True
Is 160/90 + -2 - (-12353127)/27 a prime number?
False
Suppose 4*x + 2*z = 354258, 5*x + z - 442821 = -2*z. Suppose 357*a + x = 363*a. Is a composite?
True
Let u(c) = -39*c - 15. Let m(k) = -39*k - 13. Let s(f) = 5*m(f) - 4*u(f). Let b = -11 + 3. Is s(b) prime?
True
Suppose 0 = f - 6*f + 10. Let z be (-2 + -1)/(-3)*(-16 - -16). Suppose s - 2*i - 630 = 649, z = -f*s - 4*i + 2582. Is s composite?
True
Let d be (-1 - -1)*(-3)/(-9). Suppose 8*y - 12*y + 1632 = d. Is (-1)/(4/y*-3) prime?
False
Suppose 40*y - 3114522 = -98*y. Is y a prime number?
False
Suppose -20*r + 118211 = 405111. Let x = r + 142228. Is x a composite number?
True
Let z(q) = 2*q**2 + q + 3. Let a be z(4). Let p = -28 + a. Suppose -p*u = -9*u - 778. Is u prime?
True
Let w be ((-9)/2)/(39/(-52)). Suppose w*c + c - 14 = 0. Suppose 0 = -c*o + 637 + 1345. Is o prime?
True
Let s = -115 - -123. Is 3/(6/s) - (-399 + 22) composite?
True
Suppose 5*s - 8440 = -5*w, -w - 1670 = -s + 4*w. Let i be (0/(-2))/(-4)*-1. Suppose 5*d - s = -i*d. Is d prime?
True
Suppose 0 = 7*p + 9*p. Suppose -2*z - z + b = -7567, p = 2*z + 2*b - 5034. Is z composite?
False
Let x(d) = d**3 + 9*d**2 - 4*d - 15. Let m be x(7). Let r(b) = 3 + m*b**2 - 5*b + 485*b**2 + 7*b + 110*b**2. Is r(-1) a composite number?
True
Let g(m) = 18*m**2 + 7*m + 3. Suppose -2*z = 2*w + 2, -3*w + 19 = -2*w - 4*z. Let x(r) = -9*r**2 - 4*r - 2. Let v(l) = w*g(l) + 5*x(l). Is v(3) prime?
True
Suppose -3*x + 57592 = x - 4*i, -57594 = -4*x + 5*i. Let k = 2333 + x. Is k prime?
True
Let l(s) = -118*s - 166. Let b be l(21). Let c = -821 - b. Is c prime?
True
Suppose 0 = -i + 5*t + 10, t + 2 = -2*i - 0*t. Suppose 3*a + 8 = -0*f - f, -a = -4*f + 7. Is i/(f - 2) + 587 a composite number?
False
Suppose 2*u - 10*o + 6*o = 56, -5*o - 15 = 0. Is (-1)/(44/8) + 55070/u a prime number?
True
Let f be 23/(-3) - (-19)/(-57). Is (-6552)/f + 4/(-1) a composite number?
True
Let j(s) = -s**2 - s. Let p(w) = 17*w**2 + 4*w - 24. Let y(h) = -1. Let u(t) = p(t) - 5*y(t). Let r(d) = 5*j(d) + u(d). Is r(-6) prime?
True
Suppose 2*t + 2*q = t + 6777, -t + 4*q + 6753 = 0. Suppose 17*z = 18*z - t. Is z a composite number?
True
Suppose 18*t - 15*t + 18117149 = 82*t. Is t prime?
False
Suppose -5*o = -g - 40506, -18*o + 13*o + 40510 = -5*g. Is o a prime number?
True
Suppose 0 = -o + 3*s - 0*s - 8688, -26054 = 3*o - 4*s. Is (182/21 - 4)/((-4)/o) a prime number?
False
Let t = 15 + -19. Is t*12/(-16) - -376 prime?
True
Suppose 726 = t - 586. Suppose 4*o - 1658 = -5*u + 3*o, t = 4*u - 4*o. Is u prime?
True
Let b be (10/15)/(4/90). Let k = b - 10. Suppose -5*y + 1182 = q - 864, -k*q = -5. Is y a composite number?
False
Suppose 0 = -4*h - 2*k + 4278, h - 1071 = -115*k + 113*k. Is h composite?
False
Suppose -147159 = 31*p - 22*p. Let d = 4220 - p. Is d composite?
True
Suppose -u - 11200 = -21*u. Let l = u - -611. Is l a prime number?
True
Let k(g) = 477*g**2 + g + 4. Let h(o) = 478*o**2 + o + 4. Let m(x) = 3*h(x) - 2*k(x). Let w = 3 + 0. Is m(w) composite?
False
Let u(j) = 3*j**3 - 8*j**2 - 4*j + 11. Suppose -22 - 18 = -5*w. Suppose 10 + w = 3*i. Is u(i) composite?
False
Suppose -89*c = -63*c + 87*c - 5450329. Is c composite?
True
Let a be (-3)/(-24) + (-2535)/(-8). Suppose d + 4*g = a, 4*d - g = 393 + 875. Let n = 114 + d. Is n composite?
False
Let q be (-82)/6 + 84/18 + -5. Let b(s) = -s**3 + 3*s**2 + 27*s - 27. Is b(q) prime?
True
Let r = 79 + -77. Suppose -k - 4*s = -3*k - 8, -5*s = r*k + 26. Let i(j) = -j**3 - 3*j**2 + 13*j + 7. Is i(k) a prime number?
True
Let k = 390 + -384. Is (k - -16)*231 - -7 prime?
False
Suppose 4*x + 3*x = 4*x. Suppose 3*g + 1985 - 10214 = x. Is g prime?
False
Let q(h) = h**2 - h - 47. Let m be q(8). Suppose 5418 - 45009 = -m*g. Is g a prime number?
False
Suppose -b + 32105 = 2*h, 5*b - 86*h + 92*h = 160501. Is b composite?
True
Suppose -m + 31 = 3*k, -6*k + 3*k = 2*m - 53. Is 70780/2*11/m composite?
True
Suppose -385048 + 110768 = 20*y. Let r = -9077 - y. Is r composite?
False
Suppose r + 66 = -3*q - q, -5*q = 4*r + 77. Is (-82499)/q - (-9 + 1057/119) composite?
True
Let c be (-3 - 1)*-6*1. Let j be 0 - (-4)/(c/9)*-2. Is 7 + j/1 - -255 a composite number?
True
Suppose -3*z = -c + 3 + 1, 5*c = 3*z + 20. Suppose 0 = -3*d + 2*t + 899, -d + 15*t - 12*t + 295 = z. Is d a prime number?
False
Let h = 45358 - 26091. Is h a composite number?
False
Let q(f) = -2990*f + 1159. Is q(-12) a composite number?
False
Suppose 0 = 2*r + r, 2*t + 5*r - 10 = 0. Suppose -5*g + 4*f + 3 = 0, 3*g - f - 21 = -t*f. Suppose 5*p - 1166 = g*p + 4*o, o - 5 = 0. Is p a prime number?
True
Suppose -3701*s - 34548 = -3705*s. Is s composite?
True
Suppose 0 = 5*c - 1861 - 2564. Let s = -1010 - -1014. Suppose -s*r = -c - 791. Is r prime?
True
Let f be (3 + 165/(-44))/(1/4). Is (-6)/9 + (-6497)/f prime?
False
Let z(s) = 516*s**2 + 2*s + 3. Let i be z(-1). Let o be (-3)/((-1